f v and p.
9
Suppose -3*a = -134*a + 1179. Calculate the greatest common factor of 1008 and a.
9
Suppose i = -2*i - 2*w + 128, 2*i - 2*w - 102 = 0. Let l = i + -40. Suppose -390 = l*n - 1902. Calculate the greatest common divisor of n and 28.
28
Let s(t) = -4*t**3 + 26*t**2 - 3*t - 12. Let g be s(6). Suppose -13*z = -11*z - g. What is the highest common factor of z and 525?
21
Suppose 9*x - 144 = 36. Calculate the greatest common factor of x and 4460.
20
Suppose -602 = -226*m + 224*m. Calculate the greatest common divisor of 86 and m.
43
Let o be 2 + ((-180)/270)/((2/84)/(-1)). Calculate the greatest common factor of o and 2190.
30
Let h be (-721)/(-35) + 3/(-5). Let c be -3*(0 - 6/(-9)) + 42. Let x be (-2)/(2 + 1 + (-124)/c). What is the greatest common factor of h and x?
20
Suppose 1626*s = 1627*s - 24. Let h = -16 + 20. Suppose 0*i = 2*i - 3*w - 21, -h*i + w = -47. What is the highest common divisor of s and i?
12
Let z(u) = 3*u**2 - 31*u + 41. Let q be z(9). Suppose q*j = 19*j - 406. What is the greatest common factor of j and 1?
1
Let y be (-57 - -8)/(10/(-450)). Calculate the greatest common factor of 63 and y.
63
Let h be (38/3)/(7/(714/4)). Suppose -3*v - 2*m = -49, 0 = -4*m - 5 + 1. Calculate the greatest common divisor of h and v.
17
Suppose -32*y = -21*y - 55. Suppose 5*n = -3*p + 1212, 0*n + 260 = n + y*p. What is the highest common divisor of n and 30?
30
Let p be 20/(-16) + (7/(-14) - (-34041)/12). Calculate the highest common factor of 1008 and p.
63
Suppose 1800 = 5*x + t - 1164, 0 = -x + 5*t + 572. What is the highest common divisor of x and 32?
16
Let u be 1 + (1812 - -3)/3. Let r = u + -342. Let o = -41 + 74. What is the greatest common factor of r and o?
33
Let k be (-6)/10*21125/(-195). What is the highest common divisor of 1430 and k?
65
Let s(r) = 1517*r - 1450. Let v be s(2). Calculate the highest common factor of 1518 and v.
66
Let l = -938 + 936. Let k be l - (-5 + (-265)/5). Calculate the greatest common divisor of k and 49.
7
Let o be (-22)/(-1)*(2 - 1). Suppose 0 = 6*a - 2*a + 272. Let t = -35 - a. What is the highest common factor of o and t?
11
Suppose -2*v = u - 2682, 0 = -190*u + 185*u + v + 13432. What is the highest common divisor of u and 170?
34
Suppose -7656 = 5*f - 34*f. Suppose 0 = q + 5 - 17. Let a be (-6)/q*-1*66. Calculate the greatest common factor of a and f.
33
Let i = -7 + -13. Let p be 550/i*(2 - 4). What is the greatest common factor of 165 and p?
55
Suppose -1776 = -5*w + 4*l, -707 = -2*w + 5*l - 0*l. Suppose w = 3*k + 56. Suppose k = 4*a - 96. Calculate the highest common factor of 49 and a.
49
Let w be 444/(-13) + (-6)/(-39). Let g = w - -57. Calculate the highest common divisor of g and 437.
23
Suppose -13*z - 292 = -1202. Let w = z + -32. What is the highest common divisor of 456 and w?
38
Let x be (3 - (-12)/(-12))/(2/252). Calculate the greatest common divisor of x and 819.
63
Suppose 4*w = -4*u + 236, 5*w = 2*u + 10*w - 127. What is the greatest common divisor of 350 and u?
14
Let z be (-84)/(-5)*280/12. Suppose 7*a = 532 + z. Calculate the greatest common factor of a and 8.
4
Let w = 835 - 775. Let v(n) = -2 - 1 + 2*n**2 + 1 - 2*n - 10*n**3. Let x be v(-2). What is the highest common factor of x and w?
30
Suppose -19*q - 229*q = 26*q - 36168. Calculate the greatest common factor of q and 3.
3
Suppose -9 = h - 2*h. Let s = h + 5. Let m be -3 - ((5 - 57) + 7). What is the greatest common factor of m and s?
14
Suppose 2*q = -7*q + 612. Suppose 3*p - 86 = -z + q, 4*z = 16. What is the greatest common divisor of 70 and p?
10
Let b = 13 - 13. Suppose b = -2*w + w + 63. Suppose 0 = -20*x + 197 - 17. What is the greatest common divisor of w and x?
9
Let g be (-281 - -285)/(2/28). What is the greatest common factor of 7364 and g?
28
Suppose n - 26*h = -32*h + 26, -166 = -3*n + 4*h. What is the highest common factor of n and 2350?
50
Let c be -1 - 582/9*120/(-80). What is the highest common factor of 2704 and c?
16
Let d = 7 - 2. Suppose 18 = 3*k + 4*h, d*h - 1 = -k + 2*h. Let z be (27 - -3)*16/k. Calculate the greatest common factor of z and 12.
12
Suppose 1031*h - 994*h = 592. Calculate the greatest common divisor of 8872 and h.
8
Let c(q) = 1186*q + 1920. Let z be c(0). What is the highest common divisor of 1020 and z?
60
Let j be 44/11 + (8 - 1). Let g = j - 43. Let h = g - -45. Calculate the highest common divisor of 13 and h.
13
Let a be 1*-3 + (-15)/(-35)*7. Suppose -871 = 4*d - 6*d + 5*i, a = -2*d - i + 901. What is the highest common factor of d and 64?
64
Suppose 12*u - 9*u - 12 = 0. Suppose 0 = l - 2*l + u*h + 6, 0 = 4*l - h + 36. Let r be (-12)/(-15)*(-175)/l. What is the greatest common factor of r and 56?
14
Suppose 3*u = 8*u + 2*q - 3150, -5*q + 3150 = 5*u. What is the highest common divisor of u and 285?
15
Let c = -51 + 97. Suppose -943*o + 44688 = -117884 - 184452. What is the greatest common factor of c and o?
46
Let w = -33 + 29. Let o be ((-42)/(-12) - 3)*(-152)/w. What is the greatest common divisor of o and 247?
19
Suppose -52*t = -4*t - 27*t - 84. Let c = -1 + 3. Suppose 160 = 7*r - c*r. What is the highest common factor of r and t?
4
Let v = -895 + 1400. Let w = v - 337. Calculate the highest common factor of w and 112.
56
Let v(s) = 53*s - 134*s - 7 + 52*s - 154*s. Let w be v(-1). Suppose -2*k = -5*f - k + 111, -3*f + k = -67. What is the greatest common divisor of w and f?
22
Let k = -91 - -96. Suppose 19 = -k*s + 159. Calculate the greatest common divisor of s and 4.
4
Suppose 7*b - 68*b + 2013 = 0. Calculate the highest common factor of 87 and b.
3
Let b = 33432 + -33367. What is the highest common divisor of b and 11973?
13
Let i be (-8 - 4)/(-2 + 3). Let h be 27 + i - (1 - -2). What is the greatest common factor of h and 96?
12
Let b = -1278 - -1280. What is the greatest common factor of b and 1156?
2
Let c(p) = p**3 - p**2 - 10*p + 3. Let n be c(4). Suppose 18*r = -n*r + 58. What is the highest common divisor of r and 16?
2
Suppose -78 = -24*c + 210. Calculate the highest common factor of c and 11244.
12
Let p be (-10)/55 - 32342/(-11). Calculate the greatest common factor of 60 and p.
60
Let x(c) = -14*c**2 + 6*c + 18. Let r be x(6). Let v = -437 - r. Suppose z = 116 + 27. What is the greatest common divisor of z and v?
13
Let b be 0 - 17/(-2)*2. Suppose -319 = 3*d - 25. Let y = 149 + d. Calculate the highest common factor of b and y.
17
Let d(u) = -u**3 - 7*u**2 - 7*u + 17. Let t be d(-6). Suppose -5*c - 5*o = -3*o - 91, -t = -c - 2*o. What is the greatest common divisor of 340 and c?
17
Suppose 4*t - 91 = -s + 307, -2 = s. What is the greatest common factor of t and 3175?
25
Suppose -27291*d + 148 = -27254*d. What is the highest common factor of d and 6388?
4
Let m be (-185)/(-3) + 780/(-36) + 22. What is the greatest common factor of m and 558?
62
Suppose 0 = -2*q - 4, -98 - 454 = -3*w + 6*q. Calculate the greatest common factor of 3645 and w.
45
Suppose -13*g - 20*g - 8821 = -24991. What is the highest common factor of 2842 and g?
98
Suppose 25*q - 2*q - 8820 = -12*q. What is the greatest common divisor of 378 and q?
126
Suppose 0*z = -3*z + 45. Suppose 5*m = -2*m + 735. Let b = m - 75. What is the greatest common factor of b and z?
15
Suppose 1981 = 22*x - 3299. Calculate the greatest common factor of x and 156.
12
Suppose 505*m = 501*m + 16. Let n be (-4*5/(-12))/(m/60). Calculate the greatest common divisor of 575 and n.
25
Let m be ((-7285)/10)/((-39)/78). What is the greatest common divisor of 282 and m?
47
Let j = -509 - -519. Suppose -2*t = 2*t - 520. What is the greatest common factor of t and j?
10
Let w be -2 - (-5)/(-5) - -111. What is the greatest common divisor of w and 2448?
36
Let o(z) = -2*z**2 - 35*z - 66. Let u be o(-15). Let k be (-708)/(-16)*(24/3 + 4). What is the highest common divisor of u and k?
9
Let d(v) = 29*v**2 + v. Let k be d(1). Suppose -4*n - 12 = -2*s, 0*n = -2*s - 2*n + k. Let o = 601 + -595. Calculate the highest common divisor of o and s.
6
Let h be ((-900)/54 - -18)*(-7287)/(-4). What is the greatest common factor of 7 and h?
7
Let c(j) = 2*j - 12. Let z be c(8). Suppose z*p = u - 23, 2*p + 100 = 5*u + 39. Let m = -3 + u. Calculate the greatest common factor of 64 and m.
8
Suppose -21*i + 5700 = 17*i. Suppose i = -66*d